585. What are the prime factors of q?
3, 5, 13
Let l be -3 + 2 + 5*4. Let d = l - 11. Let j(a) = -a**2 + 11*a - 12. List the prime factors of j(d).
2, 3
Let d(u) = 2*u**2 - 8*u - 26. Let x be d(10). Suppose -m = 2*h + 2*m - x, 2*m = -4*h + 204. What are the prime factors of h?
53
Let j be 1*(-8 - (4 + -4)) - 0. List the prime factors of 210 + j - 1/(-2)*0.
2, 101
Let l(w) = 38*w + 2. Let n = -33 + 37. Suppose -n + 5 = k. What are the prime factors of l(k)?
2, 5
Suppose -5*b + 7 = -3. Let y be ((-32)/80)/(b/(-190)). Suppose -4*n + 2*n = -y. List the prime factors of n.
19
What are the prime factors of (-15 + -1593)*(12/9 + -2)?
2, 67
Let f(x) = -495*x + x**2 + 488*x - 24 + 0*x**2. What are the prime factors of f(10)?
2, 3
Let d(n) = 68*n**2 + 23*n + 23. List the prime factors of d(-5).
2, 3, 67
Let m(z) be the second derivative of -z**5/20 - z**4/4 - z**3/3 - 2*z**2 - 5*z. Let w be m(-3). Suppose 0*l + 90 = w*l. List the prime factors of l.
3, 5
Suppose -5*g - 5*i + 565 = 0, 2*i = -23 + 17. List the prime factors of g.
2, 29
Let v = 120 + 174. Suppose 5*s - v = 771. Suppose o = -5*c + 68, -3*o - 5*c - 9 = -s. List the prime factors of o.
2, 17
Let h = -9 - -217. What are the prime factors of h?
2, 13
List the prime factors of ((-3)/(12/2033))/((-5)/20).
19, 107
Let y(n) = -3*n**3 - 12*n**2 - 19*n - 58. What are the prime factors of y(-10)?
2, 3, 7, 23
Let o = 24 + -19. Suppose o*x + 932 = 2*w + 4*x, 5*w + 2*x - 2330 = 0. What are the prime factors of w/14 - 12/42?
3, 11
Let q(i) = -2*i**2 - 20*i + 2. Let x be q(-10). Suppose -3*j = 4*r - 214, 7*r - x*r + 25 = 0. List the prime factors of j.
2, 3, 13
Suppose 0 = h - 0*h - 2. Suppose 0 + h = j. Suppose l - 23 = -j*r, -5*r + 50 = 2*l + 5. What are the prime factors of l?
5
What are the prime factors of 5537/21 + (-2)/3?
263
What are the prime factors of (62/(-4))/(5 + 1164/(-232))?
29, 31
Let z = 302 + -162. List the prime factors of z.
2, 5, 7
Let z(x) = -6*x - 47. Let u be z(-7). What are the prime factors of 1/u + 12597/85?
2, 37
Let v be (-90)/(2*(-3)/(-9)). Let f = -89 - v. Let y = f + -27. List the prime factors of y.
19
Let y(i) = 8*i**2 - 34*i + 261. What are the prime factors of y(7)?
5, 83
Suppose 0 = -0*a + 7*a - 140. Suppose 412 = 7*w + a. List the prime factors of w.
2, 7
Let m be 1/(-2) + (-22)/(-4). Suppose 291 = m*j - 369. List the prime factors of j.
2, 3, 11
Let u = -11 + 15. Suppose 3*i - 3*j + 8 = 143, 182 = u*i - 5*j. Suppose -5*x + i = -12. List the prime factors of x.
11
Suppose -5*x - 1493 = -41*z + 37*z, z - 2*x = 371. What are the prime factors of z?
13, 29
Suppose 0*m - 326 = m. Let i = m + 475. List the prime factors of i.
149
Suppose -3*w - 9 = -2*w. Suppose 58*p + 20 = 48*p. What are the prime factors of p/(-3) - 291/w?
3, 11
Let x be 4/(4/(2 - 0)). Let t(j) = 2*j**3 + j**2 - 2. Let w be t(x). Suppose -2*m + 54 = w. What are the prime factors of m?
2, 3
Suppose 33*p - 177298 + 12562 = 0. List the prime factors of p.
2, 3, 13
Suppose -3*p = 3*a - 3366, -13*p + 3386 = 3*a - 14*p. What are the prime factors of a?
7, 23
Suppose -3*u - 3 = 4*r, u = -0*r - 5*r + 10. Suppose 577 + 236 = r*w. What are the prime factors of w?
271
Suppose 4*m - 5*l - 639 = 0, -3*l = 2*m - 388 + 85. Let f = 253 - m. What are the prime factors of f?
97
Let m(n) = 3*n**2 + n - 9. Let r be m(-7). Let p = r - 38. Let u = p + -50. What are the prime factors of u?
43
Let r = 69 + -128. Let u = r - -155. List the prime factors of u.
2, 3
Suppose 0 = -2*k - 6, -4*d - d = -2*k - 2026. Let i = d - 186. List the prime factors of i.
2, 109
Let r = 469 + 1999. What are the prime factors of r?
2, 617
Let z = -97 + 67. Let a be z/(-6) + 0 + 0. Suppose 7 = -a*n + 22. List the prime factors of n.
3
Suppose -f - 12 = -4*f. Suppose 6*z - 30 = z + 4*t, f*t = 2*z - 12. Suppose 355 = z*q - q. What are the prime factors of q?
71
Suppose -q = -3*g + 12 - 3, 5*g = -4*q - 2. Let x be (-2)/(-10) - g/10. Suppose x = -i - 0*i + 32. List the prime factors of i.
2
Suppose 4*x - 5208 = -5*q, 2*x + 26*q - 2610 = 25*q. What are the prime factors of x?
1307
Let a = -284 + 674. List the prime factors of a.
2, 3, 5, 13
Suppose 15 + 5 = 5*b. Suppose -5*d + 117 = x, -b*d + 297 - 51 = 2*x. What are the prime factors of x?
127
Let q(s) = s**3 - s**2 + s. Let d(t) = 5*t**3 - 9*t**2 + 14*t - 6. Let w(c) = d(c) - 6*q(c). Let f be w(-5). List the prime factors of (78 - (-8)/f) + -1.
79
Let p be ((-4)/10)/((-1)/10). Suppose -8*q + 316 = -p*q. Let i = q + -25. List the prime factors of i.
2, 3
Let a be (-2)/9 + 7568/198. Let o = a - -33. List the prime factors of o.
71
Suppose -1284 = -2*r + h, -5*r = 2*h - 4*h - 3209. List the prime factors of r.
641
Let r(t) be the second derivative of 7*t**5/20 + 5*t**4/12 - 5*t**3/6 + 2*t**2 + 2*t + 24. What are the prime factors of r(3)?
223
Let a be 8/((-4)/(-18) - 56/(-315)). Suppose 8*n - a*n = -120. What are the prime factors of n?
2, 5
Suppose -g = -0*g - 19. Suppose -j + g = -102. What are the prime factors of j?
11
What are the prime factors of 16/(-48) - 3199/(-3)?
2, 13, 41
Suppose -4*b + 873 = s, -2*s + 9*b - 6*b = -1768. What are the prime factors of s?
881
Let j(w) = -w. Let y be j(-6). Let r(x) = -x**3 + 6*x**2 + 2*x - 4. Let s be r(y). What are the prime factors of (-196)/s*24/(-14)?
2, 3, 7
Let f = -67 - -71. Suppose -f*h = 3*j + 2*j - 1201, -3*j + 3 = 0. List the prime factors of h.
13, 23
Let w(m) be the second derivative of -m**3 + 2*m**2 - 127*m. Let g = 11 - 17. What are the prime factors of w(g)?
2, 5
Let h = -23 - -157. Suppose 0*y + 3*y = 3*w + 204, 3*w + h = 2*y. List the prime factors of y.
2, 5, 7
Let s = 5 + -2. Let k = s - 1. Suppose k*j + 60 = 7*j. What are the prime factors of j?
2, 3
Let o = -28 + 31. Suppose 3*p + 5*i = 4*p - 62, -248 = -4*p - o*i. List the prime factors of p.
2, 31
Let s(m) = m**3 + 12*m**2 - 6*m - 22. Let p(z) = -z**3 + z**2. Let y(n) = 2*p(n) + s(n). What are the prime factors of y(8)?
2, 157
Let b be (-9 - 1/1)*27/18. What are the prime factors of 2 + (-1337)/b - (-2)/(-15)?
7, 13
Let p(f) = -18*f + 1. Let o be p(-1). Suppose -4*i - 59 = -o. What are the prime factors of 1*((-2 - i) + 1)?
3
Suppose -6*o + 2*o + 5*c - 7 = 0, -o - 5*c + 17 = 0. Suppose 2 = p + o*v - 118, -5*p = -4*v - 586. What are the prime factors of p?
2, 59
What are the prime factors of (-9424)/(-12) + (-30)/(-45)?
2, 3, 131
Suppose -13 = -4*p + 3, -j + 358 = -2*p. Suppose -4*w - 82 = -j. List the prime factors of w.
71
Let h(v) = v**3 - 8*v**2 + 14*v - 38. List the prime factors of h(13).
23, 43
Suppose 14 = z + 2. Suppose -4 = -2*p - z. Let y = p + 25. List the prime factors of y.
3, 7
Suppose 7*f - 60 = -5*f. Suppose 94 = 2*d - f*x, 0 = -3*d + 2*x - 67 + 208. What are the prime factors of d?
47
Let q = 35 + 77. Let a = -67 + q. What are the prime factors of a?
3, 5
Let p be (-1524)/(-60) + (-2)/5. What are the prime factors of 1115/p*(6 - 1)?
223
Let c be (-3 - 110/(-40)) + (-1029)/(-4). Let g = c + 11. List the prime factors of g.
2, 67
Suppose -x - 13 = 5*r + 3, 28 = -4*x - 2*r. Let o(m) = m**2 + 6*m + 2. What are the prime factors of o(x)?
2
Suppose 0 = -3*f - 2*f + 20. Suppose -5*b = -3*b + f. What are the prime factors of 0 + b + (6 - -22)?
2, 13
Let z(d) = 1158*d**2 - 13*d + 20. List the prime factors of z(2).
2, 3, 257
Let f(o) = -444*o**3 + o**2 - o - 1. Let p be f(-1). Let a = p + -298. What are the prime factors of a?
3, 7
Let h = 37 - 66. Let x = h + 34. Suppose -x*v - v = -288. What are the prime factors of v?
2, 3
Suppose -3*i - d = 2*i - 175, 3*d = 5*i - 155. Let l = 13 + -18. Let b = l + i. What are the prime factors of b?
29
Suppose 5495 = -45*u + 50*u. What are the prime factors of u?
7, 157
Let j(g) be the third derivative of g**5/120 + 13*g**4/24 + 7*g**3/6 + g**2. Let u(v) be the first derivative of j(v). What are the prime factors of u(-9)?
2
List the prime factors of (-19 - -6) + 456 - (5 + -1).
439
Suppose 120*t - 28*t = 420164. List the prime factors of t.
4567
Let t(q) = -q**2 + q + 4. Let d(g) = g - 3. Let y be d(6). Let c be t(y). List the prime factors of c*1*(-4 + 3).
2
Let f = -107 - -107. Suppose 2*p - 2*v - 196 = f, 122 = p + 5*v - 0*v. List the prime factors of p.
2, 3, 17
Suppose 2*m = 4*i - 50, -i = -0*i - 2*m - 17. Suppose i*b - 627 - 847 